{"id":1282,"date":"2023-10-17T08:48:42","date_gmt":"2023-10-17T06:48:42","guid":{"rendered":"https:\/\/www.luna.com.hr\/?page_id=1282"},"modified":"2023-10-17T08:48:45","modified_gmt":"2023-10-17T06:48:45","slug":"ostalo","status":"publish","type":"page","link":"https:\/\/www.luna.com.hr\/?page_id=1282","title":{"rendered":"Ostalo"},"content":{"rendered":"\n<figure class=\"wp-block-table\"><table><tbody><tr><td>Red.br.<\/td><td>Naziv pjesme<\/td><td>Izvo\u0111a\u010d<\/td><td>Kategorija<\/td><\/tr><tr><td><\/td><td><\/td><td><\/td><td><\/td><\/tr><tr><td>1.<\/td><td>Ne\u017eenja<\/td><td><\/td><td>MEXICO<\/td><\/tr><tr><td>2.<\/td><td>Ne tuguj stari moj dru\u017ee<\/td><td><\/td><td>MEXICO<\/td><\/tr><tr><td>3.<\/td><td>Kad spusti se ve\u0107er<\/td><td><\/td><td>MEXICO<\/td><\/tr><tr><td>4.<\/td><td>Ptica sa planine<\/td><td><\/td><td>MEXICO<\/td><\/tr><tr><td>5.<\/td><td>Divni Mexico<\/td><td><\/td><td>MEXICO<\/td><\/tr><tr><td>6.<\/td><td>Hej mom\u010de ti<\/td><td><\/td><td>MEXICO<\/td><\/tr><tr><td>7.<\/td><td>Ti samo ti<\/td><td><\/td><td>MEXICO<\/td><\/tr><tr><td>8.<\/td><td>Scielito lindo<\/td><td>Los Cabaleros<\/td><td>MEXICO<\/td><\/tr><tr><td>9.<\/td><td>Dok tiho prolaze dani<\/td><td><\/td><td>MEXICO<\/td><\/tr><tr><td>10.<\/td><td>Poleti ptico bijelih krila<\/td><td><\/td><td>MEXICO<\/td><\/tr><tr><td>11.<\/td><td>Adelita<\/td><td><\/td><td>MEXICO<\/td><\/tr><tr><td>12.<\/td><td>Kad \u010duje\u0161 trubu<\/td><td><\/td><td>MEXICO<\/td><\/tr><tr><td>13.<\/td><td>Mama Huanita<\/td><td><\/td><td>MEXICO<\/td><\/tr><tr><td>14.<\/td><td>Jedan dan \u017eivota<\/td><td><\/td><td>MEXICO<\/td><\/tr><tr><td>15.<\/td><td>U maloj kr\u010dmi<\/td><td><\/td><td>MEXICO<\/td><\/tr><tr><td>16.<\/td><td>\u010ca\u0161a gorkih suza<\/td><td><\/td><td>MEXICO<\/td><\/tr><tr><td>17.<\/td><td>Podravino moja mila<\/td><td><\/td><td>PODRAVINA<\/td><\/tr><tr><td>18.<\/td><td>Ja sam junak iz doline<\/td><td><\/td><td>PODRAVINA<\/td><\/tr><tr><td>19.<\/td><td>Podravska krv<\/td><td><\/td><td>PODRAVINA<\/td><\/tr><tr><td>20.<\/td><td>Majko podravko<\/td><td><\/td><td>PODRAVINA<\/td><\/tr><tr><td>21.<\/td><td>Siva pot<\/td><td><\/td><td>SLOVENIJA<\/td><\/tr><tr><td>22.<\/td><td>O ne \u0161eri<\/td><td><\/td><td>SLOVENIJA<\/td><\/tr><tr><td>23.<\/td><td>Sr\u010dna napaka<\/td><td><\/td><td>SLOVENIJA<\/td><\/tr><tr><td>24.<\/td><td>Moj o\u010dka ma konji\u010dka dva<\/td><td><\/td><td>SLOVENIJA<\/td><\/tr><tr><td>25.<\/td><td>V dolini tihi<\/td><td><\/td><td>SLOVENIJA<\/td><\/tr><tr><td>26.<\/td><td>Hercegovina u srcu<\/td><td><\/td><td>HERCEGOVINA<\/td><\/tr><tr><td>27.<\/td><td>Kamen, kr\u0161 i maslina<\/td><td><\/td><td>HERCEGOVINA<\/td><\/tr><tr><td>28.<\/td><td>Kraj kapele svete Ane<\/td><td><\/td><td>STAROGRADSKE<\/td><\/tr><tr><td>29.<\/td><td>Fijaker stari<\/td><td><\/td><td>STAROGRADSKE<\/td><\/tr><tr><td>30.<\/td><td>Kad bi ove ru\u017ee male<\/td><td><\/td><td>STAROGRADSKE<\/td><\/tr><tr><td>31.<\/td><td>Servus Zagreb<\/td><td><\/td><td>STAROGRADSKE<\/td><\/tr><tr><td>32.<\/td><td>U ranu zoru<\/td><td><\/td><td>STAROGRADSKE<\/td><\/tr><tr><td>33.<\/td><td>Za jedan \u010dasak radosti<\/td><td><\/td><td>STAROGRADSKE<\/td><\/tr><tr><td>34.<\/td><td>Blijedi mjesec<\/td><td><\/td><td>STAROGRADSKE<\/td><\/tr><tr><td>35.<\/td><td>Ajde Kato<\/td><td><\/td><td>STAROGRADSKE<\/td><\/tr><tr><td>36.<\/td><td>Ti si rajski cvijet<\/td><td><\/td><td>STAROGRADSKE<\/td><\/tr><tr><td>37.<\/td><td>Ima dana<\/td><td><\/td><td>STAROGRADSKE<\/td><\/tr><tr><td>38.<\/td><td>Dok plme nji\u0161u grane<\/td><td><\/td><td>STAROGRADSKE<\/td><\/tr><tr><td>39.<\/td><td>Kak taubeka dva<\/td><td><\/td><td>STAROGRADSKE<\/td><\/tr><tr><td>40.<\/td><td>Mi smo de\u010dki<\/td><td><\/td><td>STAROGRADSKE<\/td><\/tr><tr><td>41.<\/td><td>Prigorske sem gore list<\/td><td><\/td><td>PRIGORJE<\/td><\/tr><tr><td>42.<\/td><td>Divan je Moslava\u010dki kraj<\/td><td><\/td><td>MOSLAVINA<\/td><\/tr><tr><td>43.<\/td><td>Ti\u010dek stoji pod oblokom<\/td><td><\/td><td>ME\u0110IMURJE<\/td><\/tr><tr><td>44.<\/td><td>Ve\u0107 tri dana ja\u0161em ja z Vara\u017edina<\/td><td><\/td><td>ME\u0110IMURJE<\/td><\/tr><tr><td>45.<\/td><td>Malo Me\u0111imurje<\/td><td><\/td><td>ME\u0110IMURJE<\/td><\/tr><tr><td>46.<\/td><td>Mamica su \u0161trukle pekli<\/td><td><\/td><td>ME\u0110IMURJE<\/td><\/tr><\/tbody><\/table><\/figure>\n","protected":false},"excerpt":{"rendered":"<p>Red.br. Naziv pjesme Izvo\u0111a\u010d Kategorija 1. Ne\u017eenja MEXICO 2. Ne tuguj stari moj dru\u017ee MEXICO 3. Kad spusti se ve\u0107er MEXICO 4. Ptica sa planine MEXICO 5. Divni Mexico MEXICO 6. Hej mom\u010de ti MEXICO 7. Ti samo ti MEXICO 8. Scielito lindo Los Cabaleros MEXICO 9. Dok tiho prolaze dani MEXICO 10. Poleti ptico &hellip; <\/p>\n<p class=\"link-more\"><a href=\"https:\/\/www.luna.com.hr\/?page_id=1282\" class=\"more-link\">Continue reading<span class=\"screen-reader-text\"> &#8220;Ostalo&#8221;<\/span><\/a><\/p>\n","protected":false},"author":2,"featured_media":0,"parent":0,"menu_order":0,"comment_status":"closed","ping_status":"closed","template":"","meta":{"_regular_price":[],"currency_symbol":[],"_monsterinsights_skip_tracking":false,"_monsterinsights_sitenote_active":false,"_monsterinsights_sitenote_note":"","_monsterinsights_sitenote_category":0,"footnotes":""},"class_list":["post-1282","page","type-page","status-publish","hentry"],"featured_image_src":null,"aioseo_notices":[],"post_slider_layout_featured_media_urls":{"thumbnail":"","post_slider_layout_landscape_large":"","post_slider_layout_portrait_large":"","post_slider_layout_square_large":"","post_slider_layout_landscape":"","post_slider_layout_portrait":"","post_slider_layout_square":"","full":""},"_links":{"self":[{"href":"https:\/\/www.luna.com.hr\/index.php?rest_route=\/wp\/v2\/pages\/1282","targetHints":{"allow":["GET"]}}],"collection":[{"href":"https:\/\/www.luna.com.hr\/index.php?rest_route=\/wp\/v2\/pages"}],"about":[{"href":"https:\/\/www.luna.com.hr\/index.php?rest_route=\/wp\/v2\/types\/page"}],"author":[{"embeddable":true,"href":"https:\/\/www.luna.com.hr\/index.php?rest_route=\/wp\/v2\/users\/2"}],"replies":[{"embeddable":true,"href":"https:\/\/www.luna.com.hr\/index.php?rest_route=%2Fwp%2Fv2%2Fcomments&post=1282"}],"version-history":[{"count":1,"href":"https:\/\/www.luna.com.hr\/index.php?rest_route=\/wp\/v2\/pages\/1282\/revisions"}],"predecessor-version":[{"id":1283,"href":"https:\/\/www.luna.com.hr\/index.php?rest_route=\/wp\/v2\/pages\/1282\/revisions\/1283"}],"wp:attachment":[{"href":"https:\/\/www.luna.com.hr\/index.php?rest_route=%2Fwp%2Fv2%2Fmedia&parent=1282"}],"curies":[{"name":"wp","href":"https:\/\/api.w.org\/{rel}","templated":true}]}}