{"id":1280,"date":"2023-10-17T08:41:28","date_gmt":"2023-10-17T06:41:28","guid":{"rendered":"https:\/\/www.luna.com.hr\/?page_id=1280"},"modified":"2023-10-17T08:41:32","modified_gmt":"2023-10-17T06:41:32","slug":"zagorske-domace","status":"publish","type":"page","link":"https:\/\/www.luna.com.hr\/?page_id=1280","title":{"rendered":"Zagorske, doma\u0107e"},"content":{"rendered":"\n<figure class=\"wp-block-table\"><table><tbody><tr><td>1.<\/td><td>Kraj jezera<\/td><td><\/td><\/tr><tr><td>2.<\/td><td>Vjetar sa planine<\/td><td><\/td><\/tr><tr><td>3.<\/td><td>Haj do\u0161lo vrijeme<\/td><td><\/td><\/tr><tr><td>4.<\/td><td>Volim te danas kao i nekad<\/td><td><\/td><\/tr><tr><td>5.<\/td><td>Valcera dva<\/td><td><\/td><\/tr><tr><td>6.<\/td><td>Pelnica&nbsp;<\/td><td><\/td><\/tr><tr><td>7.<\/td><td>Neka bog ti ka\u017ee<\/td><td><\/td><\/tr><tr><td>8.<\/td><td>4 ljubavi<\/td><td><\/td><\/tr><tr><td>9.<\/td><td>Penezi<\/td><td><\/td><\/tr><tr><td>10.<\/td><td>Ciganka mi gatala na travi<\/td><td><\/td><\/tr><tr><td>11.<\/td><td>Podravino moja mila<\/td><td><\/td><\/tr><tr><td>12.<\/td><td>Ja sam junak iz doline<\/td><td><\/td><\/tr><tr><td>13.<\/td><td>Ja se konja bojim<\/td><td><\/td><\/tr><tr><td>14.<\/td><td>Sijem \u017eito<\/td><td><\/td><\/tr><tr><td>15.<\/td><td>Poto\u010di\u0107 maleni&nbsp;<\/td><td><\/td><\/tr><tr><td>16.<\/td><td>Na malenom brijegu<\/td><td><\/td><\/tr><tr><td>17.<\/td><td>Danas majka \u017eeni sina<\/td><td><\/td><\/tr><tr><td>18.<\/td><td>Zelen li\u0161\u0107e goru kiti<\/td><td><\/td><\/tr><tr><td>19.<\/td><td>Tu\u017ean je leptir bez cvijeta<\/td><td><\/td><\/tr><tr><td>20.<\/td><td>Voli me voli<\/td><td><\/td><\/tr><tr><td>21.<\/td><td>Sunce je za\u0161lo<\/td><td><\/td><\/tr><tr><td>22.<\/td><td>Ja ne\u0107u da budem tvoj rob<\/td><td><\/td><\/tr><tr><td>23.<\/td><td>Za\u0161to da ne uzmem nju<\/td><td><\/td><\/tr><tr><td>24.<\/td><td>Lijepa vila<\/td><td><\/td><\/tr><tr><td>25.<\/td><td>Pusti selo<\/td><td><\/td><\/tr><tr><td>26.<\/td><td>Meni selo gospodarit ne\u0107e<\/td><td><\/td><\/tr><tr><td>27.<\/td><td>Ljubav je bol<\/td><td><\/td><\/tr><tr><td>28.<\/td><td>Ljubavi ljubavi<\/td><td><\/td><\/tr><tr><td>29.<\/td><td>Ljubice male<\/td><td><\/td><\/tr><tr><td>30.<\/td><td>Neveni<\/td><td><\/td><\/tr><tr><td>31.<\/td><td>Jabuke<\/td><td><\/td><\/tr><tr><td>32.<\/td><td>Mi smo de\u010dki Stubice<\/td><td><\/td><\/tr><tr><td>33.<\/td><td>Joj mene joj<\/td><td><\/td><\/tr><tr><td>34.<\/td><td>No\u0107 je kasna mjese\u010dina jasna<\/td><td><\/td><\/tr><tr><td>35.<\/td><td>Ciganka stara<\/td><td><\/td><\/tr><tr><td>36.<\/td><td>Moj gruntek<\/td><td><\/td><\/tr><tr><td>37.<\/td><td>Jo\u0161 ovu jesen<\/td><td><\/td><\/tr><tr><td>38.<\/td><td>Ve\u010dernja zvona<\/td><td><\/td><\/tr><tr><td>39.<\/td><td>Sneha<\/td><td><\/td><\/tr><tr><td>40.<\/td><td>Procvale su dunje na granama<\/td><td><\/td><\/tr><tr><td>41.<\/td><td>Plavi jorgovani<\/td><td><\/td><\/tr><tr><td>42.<\/td><td>Vara\u017edine grade<\/td><td><\/td><\/tr><tr><td>43.<\/td><td>Nema vatre od sirovih drva<\/td><td><\/td><\/tr><tr><td>44.<\/td><td>I\u0161el budem h kleticu<\/td><td><\/td><\/tr><tr><td>45.<\/td><td>Dolinom se \u0161etala<\/td><td><\/td><\/tr><tr><td>46.<\/td><td>Daj dojdi mi<\/td><td><\/td><\/tr><tr><td>47.<\/td><td>Po lojtrici gor i dol<\/td><td><\/td><\/tr><tr><td>48.<\/td><td>Samoborci<\/td><td><\/td><\/tr><tr><td>49.<\/td><td>Baurica&nbsp;<\/td><td><\/td><\/tr><tr><td>50.<\/td><td>\u0160ter\u010di maula<\/td><td><\/td><\/tr><tr><td>51.<\/td><td>Gruda dedovine<\/td><td>Adam Kon\u010di\u0107<\/td><\/tr><tr><td>52.<\/td><td>Zagorje ja tvoj sem sin<\/td><td>Adam Kon\u010di\u0107<\/td><\/tr><tr><td>53.<\/td><td>Dvije suze skrivene<\/td><td>De\u010dki z bregov<\/td><\/tr><tr><td>54.<\/td><td>Jedno dijete malo<\/td><td>De\u010dki z bregov<\/td><\/tr><tr><td>55.<\/td><td>Sje\u0107anje<\/td><td>De\u010dki z bregov<\/td><\/tr><tr><td>56.<\/td><td>Tako si divna u bijelom<\/td><td>De\u010dki z bregov<\/td><\/tr><tr><td>57.<\/td><td>Zagorski cug<\/td><td>De\u010dki z bregov<\/td><\/tr><tr><td>58.<\/td><td>Zagorski cug<\/td><td>De\u010dki z bregov<\/td><\/tr><tr><td>59.<\/td><td>Zbogom ostaj majko<\/td><td>De\u010dki z bregov<\/td><\/tr><tr><td>60.<\/td><td>Dajte de\u010dki popijte<\/td><td>Haubiksi<\/td><\/tr><tr><td>61.<\/td><td>Imao sam curu mladu<\/td><td>Haubiksi<\/td><\/tr><tr><td>62.<\/td><td>Ne budite mi moju dragu<\/td><td>Haubiksi<\/td><\/tr><tr><td>63.<\/td><td>Dal se zmisli\u0161<\/td><td>Ivica Pepelko<\/td><\/tr><tr><td>64.<\/td><td>Kada do\u0111e mjesec maj<\/td><td>Ivica Pepelko<\/td><\/tr><tr><td>65.<\/td><td>Rane devedesete<\/td><td>Ivica Pepelko<\/td><\/tr><tr><td>66.<\/td><td>Tek sada znam<\/td><td>Ivica Pepelko<\/td><\/tr><tr><td>67.<\/td><td>Tri rumene ru\u017ee<\/td><td>Ivica Pepelko<\/td><\/tr><tr><td>68.<\/td><td>Voljeli se al se nisu smjeli<\/td><td>Ivica Pepelko<\/td><\/tr><tr><td>69.<\/td><td>Voljeli se dvoje mladih<\/td><td>Ivica Pepelko<\/td><\/tr><tr><td>70.<\/td><td>Baurica<\/td><td>Kavaliri<\/td><\/tr><tr><td>71.<\/td><td>Kumica<\/td><td>Kavaliri<\/td><\/tr><tr><td>72.<\/td><td>Pelnica<\/td><td>Kavaliri<\/td><\/tr><tr><td>73.<\/td><td>Mi smo de\u010dki kaj pijemo stoje\u010dki<\/td><td>Kvartet Gubec<\/td><\/tr><tr><td>74.<\/td><td>Moj angelek<\/td><td>Kvartet Gubec<\/td><\/tr><tr><td>75.<\/td><td>Spoved<\/td><td>Kvartet Gubec<\/td><\/tr><tr><td>76.<\/td><td>\u017dlambrava baba<\/td><td>Kvartet Gubec<\/td><\/tr><tr><td>77.<\/td><td>Si ti cajti kaj su pre\u0161li<\/td><td>Lamapa\u0161i<\/td><\/tr><tr><td>78.<\/td><td>Ja se \u017eenit moram<\/td><td>Lepi cajti<\/td><\/tr><tr><td>79.<\/td><td>Kam pa ide\u0161 Micika<\/td><td>Lepi cajti<\/td><\/tr><tr><td>80.<\/td><td>Micika<\/td><td>Lepi cajti<\/td><\/tr><tr><td>81.<\/td><td>Premalo je lepih cajtov<\/td><td>Lepi cajti<\/td><\/tr><tr><td>82.<\/td><td>Polka lepi cajti<\/td><td>Lepi cajti<\/td><\/tr><tr><td>83.<\/td><td>Ja razbit \u0107u \u010da\u0161e sve&nbsp;<\/td><td>Planinari<\/td><\/tr><tr><td>84.<\/td><td>Zagorje moje kak lijepe si ti<\/td><td>Planinari<\/td><\/tr><tr><td>85.<\/td><td>Daj mi nato\u010di<\/td><td>Podvin\u010dani<\/td><\/tr><tr><td>86.<\/td><td>Kad procvatu jabuke<\/td><td>Podvin\u010dani<\/td><\/tr><tr><td>87.<\/td><td>Neka Bog ti ka\u017ee<\/td><td>Podvin\u010dani<\/td><\/tr><tr><td>88.<\/td><td>Penezi<\/td><td>Podvin\u010dani<\/td><\/tr><tr><td>89.<\/td><td>Moj gruntek<\/td><td>Podvin\u010dani<\/td><\/tr><tr><td>90.<\/td><td>To vam je na\u0161e Jesenje<\/td><td>Podvin\u010dani<\/td><\/tr><tr><td>91.<\/td><td>Zagorci smo ljudi pravi<\/td><td>Radek Brodarec<\/td><\/tr><tr><td>92.<\/td><td>Pod brajde<\/td><td>Rajko Suhodol\u010dan<\/td><\/tr><tr><td>93.<\/td><td>Ljubavi ljubavi<\/td><td>Rajzeri<\/td><\/tr><tr><td>94.<\/td><td>Ljubice male<\/td><td>Rajzeri<\/td><\/tr><tr><td>95.<\/td><td>Nije majko ona kriva<\/td><td>Rajzeri<\/td><\/tr><tr><td>96.<\/td><td>Ana<\/td><td>Sinovi Zagorja<\/td><\/tr><tr><td>97.<\/td><td>Marica<\/td><td>Sinovi Zagorja<\/td><\/tr><tr><td>98.<\/td><td>Moje zagorje<\/td><td>Sinovi Zagorja<\/td><\/tr><tr><td>99.<\/td><td>Na vrh gore ivan\u010dice<\/td><td>Sinovi Zagorja<\/td><\/tr><tr><td>100.<\/td><td>Pjesma rastanka<\/td><td>Sinovi Zagorja<\/td><\/tr><tr><td>101.<\/td><td>Suseda<\/td><td>Strmosi<\/td><\/tr><tr><td>102.<\/td><td>Di\u0161ala ja ro\u017ea<\/td><td>Taborgradski de\u010dki<\/td><\/tr><tr><td>103.<\/td><td>Ja sam de\u010dko za \u017eeniti<\/td><td>Taborgradski de\u010dki<\/td><\/tr><tr><td>104.<\/td><td>Di\u0161ala je ro\u017ea<\/td><td>Taborgradski de\u010dki<\/td><\/tr><tr><td>105.<\/td><td>Popevka za ljubav<\/td><td>Tereza Kesovija<\/td><\/tr><tr><td>106.<\/td><td>Veselo zagorci<\/td><td>Veseli Bedekov\u010dani<\/td><\/tr><tr><td>107.<\/td><td>Dok si me ti draga voljela<\/td><td>Veseli \u010cehuli\u0107i<\/td><\/tr><tr><td>108.<\/td><td>Idi svojim putem<\/td><td>Veseli \u010cehuli\u0107i<\/td><\/tr><tr><td>109.<\/td><td>Zagorski mix<\/td><td>Vru\u0107i Kaj<\/td><\/tr><tr><td>110.<\/td><td>Ciganski mix<\/td><td><\/td><\/tr><tr><td>111.<\/td><td>Deda voli baku<\/td><td><\/td><\/tr><tr><td>112.<\/td><td>Dobro mi do\u0161el prijatelj<\/td><td><\/td><\/tr><tr><td>113.<\/td><td>Dragi trseki stari<\/td><td><\/td><\/tr><tr><td>114.<\/td><td>\u0110ur\u0111ica<\/td><td><\/td><\/tr><tr><td>115.<\/td><td>Fala<\/td><td><\/td><\/tr><tr><td>116.<\/td><td>Jen je ti\u010dek svadbu delal<\/td><td><\/td><\/tr><tr><td>117.<\/td><td>Joj mene joj<\/td><td><\/td><\/tr><tr><td>118.<\/td><td>Kaj<\/td><td><\/td><\/tr><tr><td>119.<\/td><td>Krijesnica<\/td><td><\/td><\/tr><tr><td>120.<\/td><td>Lepe ti je zagorje zeleene<\/td><td><\/td><\/tr><tr><td>121.<\/td><td>Ljepi je vrti\u0107 ograjen<\/td><td><\/td><\/tr><tr><td>122.<\/td><td>Mene zovu skitnica<\/td><td><\/td><\/tr><tr><td>123.<\/td><td>Mi smo de\u010dki stubice doma<\/td><td><\/td><\/tr><tr><td>124.<\/td><td>Oj draga kletica<\/td><td><\/td><\/tr><tr><td>125.<\/td><td>Oj zagorje moje najljep\u0161e<\/td><td><\/td><\/tr><tr><td>126.<\/td><td>Po na\u0161em ljepom zagorju<\/td><td><\/td><\/tr><tr><td>127.<\/td><td>Popevke sem slagal<\/td><td><\/td><\/tr><tr><td>128.<\/td><td>Suza za zag. brege<\/td><td><\/td><\/tr><tr><td>129.<\/td><td>Tulipan, jorgovan<\/td><td><\/td><\/tr><tr><td>130.<\/td><td>Zagorski sam be\u0107ar pravi<\/td><td><\/td><\/tr><tr><td>131.<\/td><td>Zagorski veseljak<\/td><td><\/td><\/tr><tr><td>132.<\/td><td>Zmisli\u0161 se kaj dragi prijatelj<\/td><td><\/td><\/tr><tr><td>133.<\/td><td>Te\u010de voda te\u010de<\/td><td><\/td><\/tr><tr><td>134.<\/td><td>Od kud si dekle ti doma<\/td><td><\/td><\/tr><tr><td>135.<\/td><td>Kak taubeka dva<\/td><td><\/td><\/tr><tr><td>136.<\/td><td>Lijepo je lijepo zagorje<\/td><td><\/td><\/tr><\/tbody><\/table><\/figure>\n","protected":false},"excerpt":{"rendered":"<p>1. Kraj jezera 2. Vjetar sa planine 3. Haj do\u0161lo vrijeme 4. Volim te danas kao i nekad 5. Valcera dva 6. Pelnica&nbsp; 7. Neka bog ti ka\u017ee 8. 4 ljubavi 9. Penezi 10. Ciganka mi gatala na travi 11. Podravino moja mila 12. Ja sam junak iz doline 13. Ja se konja bojim 14. &hellip; <\/p>\n<p class=\"link-more\"><a href=\"https:\/\/www.luna.com.hr\/?page_id=1280\" class=\"more-link\">Continue reading<span class=\"screen-reader-text\"> &#8220;Zagorske, doma\u0107e&#8221;<\/span><\/a><\/p>\n","protected":false},"author":2,"featured_media":0,"parent":0,"menu_order":0,"comment_status":"closed","ping_status":"closed","template":"","meta":{"_regular_price":[],"currency_symbol":[],"_monsterinsights_skip_tracking":false,"_monsterinsights_sitenote_active":false,"_monsterinsights_sitenote_note":"","_monsterinsights_sitenote_category":0,"footnotes":""},"class_list":["post-1280","page","type-page","status-publish","hentry"],"featured_image_src":null,"aioseo_notices":[],"post_slider_layout_featured_media_urls":{"thumbnail":"","post_slider_layout_landscape_large":"","post_slider_layout_portrait_large":"","post_slider_layout_square_large":"","post_slider_layout_landscape":"","post_slider_layout_portrait":"","post_slider_layout_square":"","full":""},"_links":{"self":[{"href":"https:\/\/www.luna.com.hr\/index.php?rest_route=\/wp\/v2\/pages\/1280","targetHints":{"allow":["GET"]}}],"collection":[{"href":"https:\/\/www.luna.com.hr\/index.php?rest_route=\/wp\/v2\/pages"}],"about":[{"href":"https:\/\/www.luna.com.hr\/index.php?rest_route=\/wp\/v2\/types\/page"}],"author":[{"embeddable":true,"href":"https:\/\/www.luna.com.hr\/index.php?rest_route=\/wp\/v2\/users\/2"}],"replies":[{"embeddable":true,"href":"https:\/\/www.luna.com.hr\/index.php?rest_route=%2Fwp%2Fv2%2Fcomments&post=1280"}],"version-history":[{"count":1,"href":"https:\/\/www.luna.com.hr\/index.php?rest_route=\/wp\/v2\/pages\/1280\/revisions"}],"predecessor-version":[{"id":1281,"href":"https:\/\/www.luna.com.hr\/index.php?rest_route=\/wp\/v2\/pages\/1280\/revisions\/1281"}],"wp:attachment":[{"href":"https:\/\/www.luna.com.hr\/index.php?rest_route=%2Fwp%2Fv2%2Fmedia&parent=1280"}],"curies":[{"name":"wp","href":"https:\/\/api.w.org\/{rel}","templated":true}]}}